dreds digit of 9413?
4
What is the units digit of 78335?
5
What is the tens digit of 7999?
9
What is the units digit of 821?
1
What is the tens digit of 18052?
5
What is the ten thousands digit of 47234?
4
What is the thousands digit of 6108?
6
What is the hundreds digit of 575?
5
What is the hundreds digit of 513?
5
What is the units digit of 4641?
1
What is the units digit of 78?
8
What is the ten thousands digit of 99751?
9
What is the ten thousands digit of 94827?
9
What is the thousands digit of 5119?
5
What is the units digit of 8074?
4
What is the tens digit of 130?
3
What is the units digit of 17663?
3
What is the hundreds digit of 18821?
8
What is the thousands digit of 6456?
6
What is the hundreds digit of 1713?
7
What is the thousands digit of 1973?
1
What is the thousands digit of 53043?
3
What is the units digit of 3503?
3
What is the units digit of 28030?
0
What is the tens digit of 45933?
3
What is the hundred thousands digit of 137217?
1
What is the units digit of 45345?
5
What is the tens digit of 5373?
7
What is the thousands digit of 3353?
3
What is the hundreds digit of 2614?
6
What is the ten thousands digit of 57316?
5
What is the ten thousands digit of 69973?
6
What is the thousands digit of 8775?
8
What is the hundreds digit of 1487?
4
What is the tens digit of 670?
7
What is the ten thousands digit of 175814?
7
What is the thousands digit of 5179?
5
What is the hundreds digit of 322?
3
What is the units digit of 2139?
9
What is the tens digit of 8904?
0
What is the units digit of 4477?
7
What is the hundreds digit of 120098?
0
What is the units digit of 20099?
9
What is the units digit of 9572?
2
What is the tens digit of 26531?
3
What is the thousands digit of 1477?
1
What is the tens digit of 2304?
0
What is the thousands digit of 37678?
7
What is the ten thousands digit of 26272?
2
What is the thousands digit of 25649?
5
What is the hundreds digit of 294?
2
What is the units digit of 7439?
9
What is the ten thousands digit of 20598?
2
What is the tens digit of 680?
8
What is the tens digit of 54788?
8
What is the units digit of 35518?
8
What is the hundreds digit of 291?
2
What is the tens digit of 108477?
7
What is the tens digit of 248?
4
What is the hundred thousands digit of 179433?
1
What is the hundreds digit of 1888?
8
What is the hundred thousands digit of 112659?
1
What is the hundreds digit of 849?
8
What is the hundreds digit of 19554?
5
What is the tens digit of 3045?
4
What is the units digit of 21697?
7
What is the units digit of 50?
0
What is the thousands digit of 39964?
9
What is the hundreds digit of 7750?
7
What is the hundreds digit of 5144?
1
What is the units digit of 327?
7
What is the units digit of 4423?
3
What is the units digit of 13826?
6
What is the tens digit of 1529?
2
What is the tens digit of 26462?
6
What is the ten thousands digit of 13970?
1
What is the thousands digit of 32013?
2
What is the hundreds digit of 4298?
2
What is the thousands digit of 7257?
7
What is the ten thousands digit of 14356?
1
What is the ten thousands digit of 10966?
1
What is the units digit of 7875?
5
What is the tens digit of 18132?
3
What is the hundreds digit of 93711?
7
What is the units digit of 21759?
9
What is the units digit of 3030?
0
What is the hundreds digit of 24812?
8
What is the units digit of 2232?
2
What is the hundreds digit of 555?
5
What is the hundreds digit of 3930?
9
What is the hundreds digit of 1320?
3
What is the hundreds digit of 78152?
1
What is the hundreds digit of 76344?
3
What is the hundreds digit of 23625?
6
What is the tens digit of 4484?
8
What is the thousands digit of 32807?
2
What is the tens digit of 1242?
4
What is the thousands digit of 39475?
9
What is the thousands digit of 1499?
1
What is the hundreds digit of 1134?
1
What is the tens digit of 2235?
3
What is the hundreds digit of 1741?
7
What is the thousands digit of 7085?
7
What is the hundreds digit of 682?
6
What is the tens digit of 1532?
3
What is the thousands digit of 23518?
3
What is the thousands digit of 9815?
9
What is the tens digit of 32307?
0
What is the units digit of 6130?
0
What is the tens digit of 4897?
9
What is the tens digit of 14197?
9
What is the thousands digit of 2966?
2
What is the hundreds digit of 1078?
0
What is the units digit of 464?
4
What is the units digit of 1841?
1
What is the tens digit of 5891?
9
What is the ten thousands digit of 18033?
1
What is the ten thousands digit of 75601?
7
What is the thousands digit of 8699?
8
What is the hundreds digit of 10555?
5
What is the hundreds digit of 36110?
1
What is the units digit of 11804?
4
What is the tens digit of 42568?
6
What is the tens digit of 2473?
7
What is the hundreds digit of 7278?
2
What is the ten thousands digit of 18797?
1
What is the hundreds digit of 37405?
4
What is the hundreds digit of 2710?
7
What is the hundreds digit of 972?
9
What is the hundreds digit of 708?
7
What is the tens digit of 5418?
1
What is the units digit of 55286?
6
What is the tens digit of 48?
4
What is the thousands digit of 20104?
0
What is the hundreds digit of 19803?
8
What is the tens digit of 883?
8
What is the units digit of 20217?
7
What is the tens digit of 2908?
0
What is the tens digit of 7787?
8
What is the thousands digit of 4213?
4
What is the thousands digit of 2978?
2
What is the hundreds digit of 631?
6
What is the tens digit of 158?
5
What is the thousands digit of 63226?
3
What is the units digit of 431?
1
What is the units digit of 4725?
5
What is the tens digit of 2093?
9
What is the hundreds digit of 4966?
9
What is the tens digit of 27839?
3
What is the units digit of 3188?
8
What is the thousands digit of 39385?
9
What is the ten thousands digit of 57834?
5
What is the tens digit of 3047?
4
What is the tens digit of 9361?
6
What is the units digit of 1676?
6
What is the units digit of 3302?
2
What is the units digit of 4839?
9
What is the units digit of 572?
2
What is the tens digit of 152874?
7
What is the tens digit of 3440?
4
What is the thousands digit of 5271?
5
What is the units digit of 3042?
2
What is the hundreds digit of 536?
5
What is the thousands digit of 1174?
1
What is the units digit of 2939?
9
What is the thousands digit of 26963?
6
What is the hundreds digit of 5557?
5
What is the units digit of 821?
1
What is the tens digit of 43203?
0
What is the units digit of 40340?
0
What is the tens digit of 104565?
6
What is the thousands digit of 5403?
5
What is the tens digit of 62270?
7
What is the thousands digit of 8515?
8
What is the hundreds digit of 134?
1
What is the thousands digit of 3546?
3
What is the tens digit of 97021?
2
What is the tens digit of 22370?
7
What is the hundreds digit of 467?
4
What is the hundreds digit of 1043?
0
What is the thousands digit of 8785?
8
What is the hundreds digit of 4501?
5
What is the tens digit of 556?
5
What is the units digit of 12749?
9
What is the thousands digit of 20876?
0
What is the units digit of 1914?
4
What is the units digit of 1813?
3
What is the thousands digit of 24871?
4
What is the thousands digit of 13418?
3
What is the thousands digit of 67552?
7
What is the hundreds digit of 12810?
8
What is the hundreds digit of 39899?
8
What is the thousands digit of 105313?
5
What is the units digit of 26519?
9
What is the hundreds digit of 580?
5
What is the hundreds digit of 15850?
8
What is the thousands digit of 15090?
5
What is the tens digit of 973?
7
What is the tens digit of 29749?
4
What is the tens digit of 108606?
0
What is the tens digit of 1012?
1
What is the hundreds digit of 6060?
0
What is the hundreds digit of 8988?
9
What is the tens digit of 46851?
5
What is the thousands digit of 9502?
9
What is the hundreds digit of 4078?
0
What is the thousands digit of 3111?
3
What is the tens digit of 308?
0
What is the hundreds digit of 885?
8
What is the units digit of 35183?
3
What is the units digit of 36459?
9
What is the thousands digit of 73770?
3
What is the ten thousands digit of 13380?
1
What is the units digit of 557?
7
What is the units digit of 9029?
9
What is the thousands digit of 15522?
5
What is the units digit of 692?
2
What is the tens digit of 49594?
9
What is the thousands digit of 4367?
4
What is the ten thousands digi